
2
Suppose 3*o + 2*o = -25. What is the units digit of 6/15 + (-23)/o?
5
Let f be 11/2 - (-1)/(-2). Suppose 0 = -5*t + 2*h - 0 + 7, -4*t = -f*h + 8. Suppose -c + 12 = t*c. What is the units digit of c?
3
Suppose -6*j + 106 = 40. What is the units digit of j?
1
Let n(v) = 2*v**3 - 4*v**2 + 4*v - 3. Let k be n(2). What is the units digit of k*(8/(-5) + 2)?
2
Suppose 5*v - 532 = -4*p, 2*p - 131 = -4*v + 141. Suppose p = 12*k - 8*k. What is the units digit of k?
2
Let u(r) = -r**3 - 5*r**2 - 3*r. Let z be u(-2). What is the units digit of z*1*(-2)/6?
2
Let z = 1 + 3. Suppose -4 = -4*k + 4*j + z, 2*k + 5*j - 25 = 0. What is the units digit of k?
5
Suppose -5*s + 502 = 4*r, 5*s = 15 - 5. What is the hundreds digit of r?
1
Let x(o) = -o**2 - 21*o - 11. What is the units digit of x(-19)?
7
Let v(h) = -h**3 - 8*h**2 - 4*h - 9. Suppose -2*w - 4 = -4*w. Suppose -4*u = 2*g + 28, -2*g = -3*g + 2*u - w. What is the tens digit of v(g)?
2
Let q(m) = -m + 5 + m - 7*m**2 + 6*m**2. Suppose o = -3*s + 12, -4*o - 2*s + 20 = 3*s. What is the units digit of q(o)?
5
Let c be 3/(-2 + 5) - 2. Let u be -11 - (-3)/(3/c). Let w = -4 - u. What is the units digit of w?
8
Let d(f) = -20*f - 3. What is the units digit of d(-2)?
7
Suppose 20 = n + 4*n. Suppose 1 = -f - 3*q + 4*q, -n*f - 3*q = -24. What is the units digit of f?
3
Let h(f) = -f**3 + 9*f**2 - 5*f - 8. What is the units digit of h(8)?
6
Suppose -44 = -2*w + 4*d - 0*d, 0 = 5*w - 4*d - 92. What is the units digit of w?
6
Suppose 0 = -5*h + 27 + 243. What is the tens digit of h?
5
What is the tens digit of (-1278)/(-24) - (-1)/(-4)?
5
Let o be (-1 - -4)*(3 - 2). Let h(j) = -j**3 + 4*j**2 - 4*j + 3. Let g be h(o). Let i = 3 - g. What is the units digit of i?
3
Let m(t) = t**2 - t - 1. Let z(v) = -v**3 + 4*v**2 - 4*v - 13. Let p(x) = -5*m(x) + z(x). What is the units digit of p(-4)?
6
What is the tens digit of (-2629)/(-11) + -3 + 0?
3
Let v = 16 + -14. What is the units digit of 1/v - 913/(-22)?
2
Let h(o) = -8*o + 1. Let c be h(-5). Let k = c - 12. What is the units digit of k?
9
Let t(h) = -5 - h + 2 - 2 + h**2. Let q be t(0). Let z(i) = i**3 + 4*i**2 - 6*i - 2. What is the units digit of z(q)?
3
Let c be (-3)/(-2)*(-84)/18. Suppose -4*d - 5*y = -y - 36, -2*d + 24 = -4*y. Let g = d + c. What is the units digit of g?
3
Let v be -16*1/(-10)*5. Let b(w) = -w**2 + 8*w + 4. What is the units digit of b(v)?
4
Suppose -3*q + 32 = 74. What is the units digit of 4/(-6) - q/3?
4
Let l be (9/15 + 0)*5. What is the units digit of l - (3 + -5) - -3?
8
Let i(g) = -g**2 - 6*g + 3. Suppose 2*z = -2*b - 2, 3*z + 2*b - 16 = 4*z. Let c be i(z). What is the units digit of (-3)/2*(-32)/c?
6
What is the units digit of (6/(-9))/(6/(-225))?
5
Let w(y) be the third derivative of -y**4/8 + y**2. What is the units digit of w(-3)?
9
Let d(c) = c**2 - 65. Let t be d(0). Let w be (0 - (0 + -3))*-3. What is the units digit of 4/(-18) + t/w?
7
Suppose -4*d + 10*k = 5*k - 22, 2*k = 5*d - 36. Let a be 3/2*d/(-6). Let o(n) = -2*n**3 + n**2 + 2*n. What is the tens digit of o(a)?
1
Let k(f) = f**2 - 6*f + 2. Let c be k(6). Suppose 4*g - 44 = c*g. What is the units digit of g?
2
Let k(m) = 5*m**2 - 2*m - 3. Let d be k(-2). Suppose -4*s - 1 = 5*a - 59, -2*a = -s + d. What is the tens digit of s?
1
Let t be (-9)/(3 + 0) + 25. Suppose t = 3*o - 26. What is the units digit of o?
6
Suppose -3*d - 493 = -5*q - 62, 0 = -2*q + 4*d + 178. What is the units digit of q?
5
Suppose 0 = 5*q - 22 + 2. Suppose 0*s - 68 = -q*s. What is the units digit of s?
7
Let i(b) = -b**3 - 5*b**2 + 6*b - 6. Let g be i(-6). Let w = 4 + g. What is the tens digit of (1*-1)/(w/24)?
1
Let s = -313 + 490. What is the tens digit of s?
7
Suppose 132 = 3*p + 4*b, b + 77 = 2*p - 0*b. Suppose 5*x - 6 = 5*m + 14, 0 = 4*x + 2*m - p. What is the units digit of x?
8
Let k = 9 - 11. Let j be 2*(-2 - (k + -3)). Suppose j = 3*u, 52 = 5*r - u - 3*u. What is the tens digit of r?
1
Let v = 7 - 3. Suppose -p - v*f = -23, 5*p + f = 49 + 85. What is the units digit of p?
7
What is the hundreds digit of 25/(-10)*-292*(-4)/(-20)?
1
Let i = 18 + -10. Let z be 2/(1 - 7/5). Let a = i + z. What is the units digit of a?
3
Let t(w) = 3 - 3 - 3 - w**2 + 7*w + 4. Let b be t(7). Suppose -2*v + b = 11, -28 = -4*r - 4*v. What is the units digit of r?
2
Let d = 8 + -4. Suppose 2*j - d = 6. What is the units digit of j?
5
Suppose -2*a - 46 = -3*l + l, 3*a + 107 = 5*l. What is the units digit of l?
9
Let y(d) = -d**2 + 5*d - 4. Let s be y(4). Suppose 4*f - 21 + 3 = -m, s = 4*m - f - 4. What is the tens digit of -10*(2/2 - m)?
1
Suppose -4*o = -2*c + 2, 2*c + 0*c - o = 14. Suppose -2*k - 4*y + c*y = -5, 0 = 5*k - y - 24. Suppose 0 = -k*j + 2*j + 27. What is the units digit of j?
9
Suppose 15*k = 13*k + 110. What is the tens digit of k?
5
Let t be (-2*(-6)/4)/1. Suppose -f = -21 + t. What is the tens digit of f?
1
Let c = 5 - 1. Suppose 5 = b + c. Let i = 12 - b. What is the tens digit of i?
1
Suppose 24 = -2*v + 3*v. Let n = v + -12. Let x = -5 + n. What is the units digit of x?
7
Suppose 0 = -7*x + 4*x + 9. Suppose l + x*l - 12 = 0. What is the units digit of l?
3
Let p be ((-4)/8)/(2/4). Let u be (-3 - p) + -1 + 57. Suppose 4*z - u = z. What is the tens digit of z?
1
Let u(d) = d**3 + 5*d**2 + d - 4. Let a be 1/1*11/(-1). Let r = 8 + a. What is the tens digit of u(r)?
1
Let t(p) = -p**3 - 8*p**2 - 6*p + 2. Let q be t(-8). What is the tens digit of (-8)/(-16) + q/4?
1
What is the hundreds digit of -3*(-88 - (-6)/2)?
2
Let i = 40 + 25. What is the units digit of i?
5
Suppose 5*h - 3*g + 10 = 2*g, 5*h + 4*g = 35. What is the units digit of h?
3
Let m(s) = -s**3 + 6*s**2 + 6*s + 7. Let k be m(7). Let n(h) = h**3 - h**2 + 11. What is the tens digit of n(k)?
1
Suppose 4*k + 42 = 4*x - 2*x, 5*k + 120 = 5*x. What is the units digit of x?
7
Let j(i) = -87*i + 5. What is the tens digit of j(-1)?
9
Suppose 0 = -9*l + 5*l + 532. What is the units digit of l?
3
Let s = 7 + -10. Let k = -4 - s. What is the units digit of 1*(-1 + 2 - k)?
2
Suppose -2*t - 3*t + 10 = 0. Suppose -4*r = 5*n - 2, r + 0 + 1 = -t*n. What is the units digit of r?
3
Suppose -3*v - 1 = -4, -4*x = -4*v - 1088. What is the tens digit of x?
7
Let g(s) = s**3 + 2*s**2 - 2*s + 1. Let p = -33 + 66. Suppose 2*h = 5*h - 3*m + 21, -5*m + p = -4*h. What is the units digit of g(h)?
5
Let a = 12 - 7. Suppose -s + 20 = -a*y, -4*s + 8*s - 4 = y. Suppose s = -4*p - p + 35. What is the units digit of p?
7
Let b(o) = -o + 1. Let a(i) = -i**3 + 7*i**2 + 6*i + 9. Let x be a(8). What is the units digit of b(x)?
8
Let b be 12 + (-4 - 8/(-1)). Suppose 10 = -2*a, -a - 18 = i + 3*a. Suppose -6*t = -i*t - b. What is the units digit of t?
4
Suppose 0 = -4*v - 47 - 121. Let x = v + 68. What is the units digit of x?
6
Let y be ((-4)/(-10))/((-1)/(-5)). Let b be 6*((-5)/y - -3). What is the units digit of (-4 + (b - 2))*-3?
9
Let w(j) = 2*j - 3*j - 4 + 0*j + 3. What is the units digit of w(-4)?
3
Suppose 4*g + 881 + 219 = 0. What is the units digit of (4/(-10))/(5/g)?
2
Let y be ((-6)/(-4))/1*-4. Let u be (2 - y/(-3))/(-1). Suppose n + n - 12 = u. What is the units digit of n?
6
Let p = 12 + -11. Let z(c) = 31*c**2. What is the tens digit of z(p)?
3
Suppose -q - 4*l = -45, -q + 0*q + 45 = 2*l. What is the units digit of q?
5
Suppose 2*m + 3*b = 3*m + 15, 3*m + 1 = -2*b. Let w = m + 5. Suppose 4*g + u - 8 = 0, 2*g - u - w*u = 4. What is the units digit of g?
2
Suppose 0 = -6*c + 16*c - 2210. What is the hundreds digit of c?
2
Suppose -6*t - 1 = -13. Suppose -3*q - t*q = -245. What is the tens digit of q?
4
Suppose 35 = 3*a - 64. What is the tens digit of a?
3
Let q = 5 + -4. What is the units digit of -2*(-1 - (q + 0))?
4
Suppose 0*n + n = 7. Let p = n + 3. What is the units digit of p?
0
Let q = -3 + 6. Let f(u) = -2*u**2 - 2*u + 3*u**2 + 0*u**2 - 12*u**3 + 13*u**3 + q. What is the tens digit of f(2)?
1
Let r = -22 + 55. Suppose 4*g + 7 = -2*t - t, g + 3*t = -13. Suppose -19 = -q + s + s, g*q + s = r. What is the units digit of q?
7
Let j be (8/12)/((-2)/(-6)). Suppose j = -2*u + 8. Suppose -2*v - v = u*s - 54, 3*v = 3*s + 30. What is the tens digit of v?
1
Suppose 174 = 8*y - 410. What is the tens digit of y?
7
Suppose 0 = -0*q + 2*q - 64. Suppose -4*r + 74 = 3*m, -3*r = 2*m - 19 - q